{"id":70,"date":"2020-04-23T18:21:56","date_gmt":"2020-04-23T16:21:56","guid":{"rendered":"https:\/\/leslandesaucor.wordpress.com\/?page_id=70"},"modified":"2025-07-29T20:39:45","modified_gmt":"2025-07-29T18:39:45","slug":"comment-entretenir","status":"publish","type":"page","link":"https:\/\/leslandesaucor.fr\/index.php\/comment-entretenir\/","title":{"rendered":"Comment entretenir"},"content":{"rendered":"\n<p class=\"has-text-align-center\">Premi\u00e8re \u00e9tape pour apprendre \u00e0 entretenir son instrument, nous allons parler de l&rsquo;huile. Celle-ci va permettre de lubrifier le barillet.<\/p>\n\n\n\n<p class=\"has-text-align-center\">Mais vous vous dites qu&rsquo;est-ce qu&rsquo;un barillet?<\/p>\n\n\n\n<p class=\"has-text-align-center\"><span style=\"text-decoration:underline;\">Explications:<\/span><\/p>\n\n\n\n<figure class=\"wp-block-image size-large\"><img loading=\"lazy\" decoding=\"async\" width=\"1341\" height=\"709\" src=\"http:\/\/leslank.cluster028.hosting.ovh.net\/wp-content\/uploads\/2020\/04\/sans-titre.jpg?w=1024\" alt=\"\" class=\"wp-image-74\" srcset=\"https:\/\/leslandesaucor.fr\/wp-content\/uploads\/2020\/04\/sans-titre.jpg 1341w, https:\/\/leslandesaucor.fr\/wp-content\/uploads\/2020\/04\/sans-titre-300x159.jpg 300w, https:\/\/leslandesaucor.fr\/wp-content\/uploads\/2020\/04\/sans-titre-1024x541.jpg 1024w, https:\/\/leslandesaucor.fr\/wp-content\/uploads\/2020\/04\/sans-titre-768x406.jpg 768w\" sizes=\"(max-width: 1341px) 100vw, 1341px\" \/><\/figure>\n\n\n\n<p class=\"has-text-align-center\">Le premier signe d&rsquo;un besoin d&rsquo;huile sera le blocage d&rsquo;une palette ou un bruit comme du sable \u00e0 l&rsquo;int\u00e9rieur du barillet lorsqu&rsquo;on appuie sur celle-ci.<\/p>\n\n\n\n<figure class=\"wp-block-embed is-type-video is-provider-youtube wp-block-embed-youtube wp-embed-aspect-16-9 wp-has-aspect-ratio\"><div class=\"wp-block-embed__wrapper\">\n<iframe loading=\"lazy\" title=\"Comment huiler ses palettes\" width=\"500\" height=\"281\" src=\"https:\/\/www.youtube.com\/embed\/OqaIizz7qJ4?feature=oembed\" frameborder=\"0\" allow=\"accelerometer; autoplay; clipboard-write; encrypted-media; gyroscope; picture-in-picture; web-share\" referrerpolicy=\"strict-origin-when-cross-origin\" allowfullscreen><\/iframe>\n<\/div><\/figure>\n\n\n\n<p class=\"has-text-align-center\">Deuxi\u00e8me \u00e9tape: nous allons apprendre \u00e0 graisser les coulisses<\/p>\n\n\n\n<p class=\"has-text-align-center\">Premi\u00e8rement les coulisses seront plus faciles \u00e0 sortir, on \u00e9vitera les risques de soudures cass\u00e9es et on maintiendra son instrument en bon \u00e9tat!!<\/p>\n\n\n\n<figure class=\"wp-block-embed aligncenter is-type-video is-provider-youtube wp-block-embed-youtube wp-embed-aspect-16-9 wp-has-aspect-ratio\"><div class=\"wp-block-embed__wrapper\">\n<iframe loading=\"lazy\" title=\"Comment graisser son instrument\" width=\"500\" height=\"281\" src=\"https:\/\/www.youtube.com\/embed\/zxf3Oec_Qio?feature=oembed\" frameborder=\"0\" allow=\"accelerometer; autoplay; clipboard-write; encrypted-media; gyroscope; picture-in-picture; web-share\" referrerpolicy=\"strict-origin-when-cross-origin\" allowfullscreen><\/iframe>\n<\/div><\/figure>\n\n\n\n<p class=\"has-text-align-center has-colibri-color-4-color has-text-color\"><a href=\"https:\/\/leslandesaucor.fr\/index.php\/mecanisme-a-ficelles\/\">Lien pour les cornistes avec des cors m\u00e9canismes \u00e0 ficelles<\/a><\/p>\n","protected":false},"excerpt":{"rendered":"<p>Premi\u00e8re \u00e9tape pour apprendre \u00e0 entretenir son instrument, nous allons parler de l&rsquo;huile. Celle-ci va permettre de lubrifier le barillet. Mais vous vous dites qu&rsquo;est-ce qu&rsquo;un barillet? Explications: Le premier signe d&rsquo;un besoin d&rsquo;huile sera le blocage d&rsquo;une palette ou un bruit comme du sable \u00e0 l&rsquo;int\u00e9rieur du barillet lorsqu&rsquo;on appuie sur celle-ci. Deuxi\u00e8me \u00e9tape: [&hellip;]<\/p>\n","protected":false},"author":1,"featured_media":0,"parent":0,"menu_order":0,"comment_status":"closed","ping_status":"closed","template":"","meta":{"saved_in_kubio":true,"footnotes":""},"class_list":["post-70","page","type-page","status-publish","hentry"],"kubio_ai_page_context":{"short_desc":"","purpose":"general"},"_links":{"self":[{"href":"https:\/\/leslandesaucor.fr\/index.php\/wp-json\/wp\/v2\/pages\/70","targetHints":{"allow":["GET"]}}],"collection":[{"href":"https:\/\/leslandesaucor.fr\/index.php\/wp-json\/wp\/v2\/pages"}],"about":[{"href":"https:\/\/leslandesaucor.fr\/index.php\/wp-json\/wp\/v2\/types\/page"}],"author":[{"embeddable":true,"href":"https:\/\/leslandesaucor.fr\/index.php\/wp-json\/wp\/v2\/users\/1"}],"replies":[{"embeddable":true,"href":"https:\/\/leslandesaucor.fr\/index.php\/wp-json\/wp\/v2\/comments?post=70"}],"version-history":[{"count":7,"href":"https:\/\/leslandesaucor.fr\/index.php\/wp-json\/wp\/v2\/pages\/70\/revisions"}],"predecessor-version":[{"id":3069,"href":"https:\/\/leslandesaucor.fr\/index.php\/wp-json\/wp\/v2\/pages\/70\/revisions\/3069"}],"wp:attachment":[{"href":"https:\/\/leslandesaucor.fr\/index.php\/wp-json\/wp\/v2\/media?parent=70"}],"curies":[{"name":"wp","href":"https:\/\/api.w.org\/{rel}","templated":true}]}}